 the prime factors of 1944308.
2, 19, 25583
What are the prime factors of 650113?
127, 5119
List the prime factors of 109105.
5, 21821
List the prime factors of 1898488.
2, 307, 773
What are the prime factors of 1839971?
7, 262853
What are the prime factors of 737065?
5, 7, 21059
What are the prime factors of 648491?
61, 10631
What are the prime factors of 314672?
2, 71, 277
What are the prime factors of 2263492?
2, 7, 11, 7349
List the prime factors of 2640764.
2, 7, 37, 2549
List the prime factors of 282297.
3, 94099
List the prime factors of 6388850.
2, 5, 13, 9829
List the prime factors of 227979.
3, 73, 347
What are the prime factors of 152807?
41, 3727
List the prime factors of 17322194.
2, 223, 38839
What are the prime factors of 298916?
2, 74729
List the prime factors of 5454720.
2, 3, 5, 947
List the prime factors of 10089789.
3, 17, 37, 5347
List the prime factors of 6147769.
101, 60869
What are the prime factors of 347105?
5, 11, 6311
What are the prime factors of 7941311?
7, 887, 1279
What are the prime factors of 2468917?
11, 19, 11813
List the prime factors of 792564.
2, 3, 66047
What are the prime factors of 3686598?
2, 3, 109, 1879
List the prime factors of 70127.
23, 3049
What are the prime factors of 1559863?
1049, 1487
List the prime factors of 274241.
11, 107, 233
List the prime factors of 851926.
2, 61, 6983
List the prime factors of 28301379.
3, 17, 47, 11807
What are the prime factors of 1417094?
2, 7, 101221
What are the prime factors of 985225?
5, 39409
List the prime factors of 2570119.
2570119
What are the prime factors of 3259085?
5, 73, 8929
What are the prime factors of 114306?
2, 3, 19051
List the prime factors of 11104207.
11104207
What are the prime factors of 200547?
3, 22283
What are the prime factors of 206660?
2, 5, 10333
What are the prime factors of 1939768?
2, 17, 839
What are the prime factors of 185770?
2, 5, 13, 1429
List the prime factors of 2637702.
2, 3, 146539
What are the prime factors of 11367538?
2, 7, 13, 62459
List the prime factors of 3942552.
2, 3, 61, 2693
What are the prime factors of 3132980?
2, 5, 43, 3643
List the prime factors of 5525275.
5, 7, 31573
What are the prime factors of 436234?
2, 218117
What are the prime factors of 50444?
2, 12611
What are the prime factors of 3443962?
2, 17, 101293
What are the prime factors of 126749?
7, 19, 953
What are the prime factors of 4197207?
3, 7, 269, 743
List the prime factors of 275195.
5, 23, 2393
List the prime factors of 3131405.
5, 271, 2311
What are the prime factors of 370665?
3, 5, 8237
List the prime factors of 93085.
5, 18617
List the prime factors of 791021.
7, 11, 10273
What are the prime factors of 311863?
181, 1723
List the prime factors of 165508.
2, 7, 23, 257
List the prime factors of 1241681.
7, 177383
What are the prime factors of 2917590?
2, 3, 5, 13, 7481
What are the prime factors of 14247722?
2, 7123861
What are the prime factors of 7895520?
2, 3, 5, 5483
What are the prime factors of 1094604?
2, 3, 7, 83, 157
What are the prime factors of 168258?
2, 3, 29, 967
What are the prime factors of 5375682?
2, 3, 13, 22973
What are the prime factors of 1185908?
2, 296477
What are the prime factors of 5979749?
5979749
What are the prime factors of 39153208?
2, 4894151
List the prime factors of 1998869.
163, 12263
List the prime factors of 4545593.
13, 2069
What are the prime factors of 14867174?
2, 7, 41, 59, 439
What are the prime factors of 398070?
2, 3, 5, 4423
List the prime factors of 172440.
2, 3, 5, 479
What are the prime factors of 488732?
2, 61, 2003
List the prime factors of 3073031.
13, 236387
What are the prime factors of 1125646?
2, 83, 6781
List the prime factors of 477867.
3, 13, 12253
List the prime factors of 364534.
2, 19, 53, 181
List the prime factors of 29713641.
3, 9904547
What are the prime factors of 1515730?
2, 5, 151573
What are the prime factors of 205756?
2, 51439
List the prime factors of 5273245.
5, 1054649
List the prime factors of 54742.
2, 101, 271
What are the prime factors of 133581?
3, 7, 6361
List the prime factors of 10449865.
5, 103, 197
What are the prime factors of 312523?
59, 5297
What are the prime factors of 274891?
29, 9479
List the prime factors of 3397.
43, 79
List the prime factors of 4025272.
2, 503159
What are the prime factors of 762349?
7, 108907
List the prime factors of 787540.
2, 5, 13, 233
List the prime factors of 732843.
3, 107, 761
What are the prime factors of 1943419?
1943419
What are the prime factors of 61500?
2, 3, 5, 41
List the prime factors of 101040.
2, 3, 5, 421
What are the prime factors of 7480984?
2, 7, 19, 79, 89
List the prime factors of 590101.
251, 2351
What are the prime factors of 1290194?
2, 645097
List the prime factors of 3873373.
7, 127, 4357
What are the prime factors of 17654205?
3, 5, 1176947
What are the prime factors of 4348486?
2, 2174243
What are the prime factors of 27501091?
283, 97177
List the prime factors of 1150655.
5, 11, 20921
What are the prime factors of 1536810?
2, 3, 5, 11, 4657
What are the prime factors of 671881?
7, 53, 1811
What are the prime factors of 3449458?
2, 1163, 1483
What are the prime factors of 334947?
3, 311, 359
What are the prime factors of 3891474?
2, 3, 41, 5273
List the prime factors of 8398180.
2, 5, 7, 223, 269
List the prime factors of 341777.
341777
What are the prime factors of 4310467?
7, 229, 2689
List the prime factors of 181380.
2, 3, 5, 3023
List the prime factors of 16513307.
17, 971371
What are the prime factors of 19130576?
2, 17, 61, 1153
List the prime factors of 12189743.
1091, 11173
List the prime factors of 607216.
2, 37951
List the prime factors of 229737.
3, 76579
What are the prime factors of 190844?
2, 47711
List the prime factors of 65777.
65777
List the prime factors of 1175772.
2, 3, 13, 7537
List the prime factors of 2236865.
5, 23, 53, 367
List the prime factors of 2933195.
5, 569, 1031
What are the prime factors of 3192324?
2, 3, 266027
What are the prime factors of 3392996?
2, 17, 41, 1217
What are the prime factors of 617191?
617191
What are the prime factors of 662955?
3, 5, 193, 229
What are the prime factors of 277936?
2, 29, 599
What are the prime factors of 7122525?
3, 5, 23, 4129
What are the prime factors of 57225?
3, 5, 7, 109
List the prime factors of 302308.
2, 75577
List the prime factors of 1291711.
17, 75983
What are the prime factors of 11452248?
2, 3, 159059
List the prime factors of 1606002.
2, 3, 267667
What are the prime factors of 297750?
2, 3, 5, 397
What are the prime factors of 198349?
198349
List the prime factors of 5904501.
3, 593, 3319
List the prime factors of 1209976.
2, 151247
List the prime factors of 107283.
3, 11, 3251
What are the prime factors of 10781137?
71, 151847
List the prime factors of 6640914.
2, 3, 7, 17, 71, 131
List the prime factors of 11386089.
3, 11, 13, 983
What are the prime factors of 1166495?
5, 11, 127, 167
What are the prime factors of 12955022?
2, 461, 14051
List the prime factors of 629831.
19, 33149
What are the prime factors of 2401362?
2, 3, 71, 1879
What are the prime factors of 8835462?
2, 3, 490859
What are the prime factors of 162041?
11, 14731
What are the prime factors of 1202300?
2, 5, 11, 1093
List the prime factors of 233340.
2, 3, 5, 3889
List the prime factors of 463000.
2, 5, 463
List the prime factors of 1399158.
2, 3, 77731
What are the prime factors of 1687335?
3, 5, 13, 17, 509
What are the prime factors of 286123?
359, 797
List the prime factors of 25921242.
2, 3, 480023
List the prime factors of 44170993.
1009, 43777
List the prime factors of 27502649.
27502649
List the prime factors of 689227.
7, 11, 8951
List the prime factors of 365929.
365929
List the prime factors of 11394855.
3, 5, 181, 1399
List the prime factors of 3655004.
2, 491, 1861
What are the prime factors of 109412?
2, 17, 1609
List the prime factors of 13024405.
5, 19, 47, 2917
What are the prime factors of 2140140?
2, 3, 5, 53, 673
What are the prime factors of 44811?
3, 13, 383
What are the prime factors of 10871958?
2, 3, 1811993
List the prime factors of 1198966.
2, 53, 11311
List the prime factors of 5319815.
5, 1063963
What are the prime factors of 702972?
2, 3, 23, 283
List the prime factors of 30573057.
3, 73, 137, 1019
List 